at is the tens digit of q(-9)?
4
Suppose -268 = -6*s - 4. Let m = -45 + s. What is the units digit of (-60)/(-3) - (m + -2)?
3
Suppose -c - 2*a = -3, -2*c + a = 2*a - 18. Suppose 1445 = 5*r - 2*j, -c*r = -6*r - 4*j - 1455. What is the tens digit of r?
8
Let m be (4/(-5))/(5/(-100)) + -4. Suppose -m*r - 360 = -7*r. What is the tens digit of (r/20)/((-2)/70)?
2
Suppose -4*h = -4*q - 76332, -24*h + 23*h - 7*q + 19075 = 0. What is the tens digit of h?
8
Suppose 0 = 18*f - 58022 - 72341 - 746579. What is the units digit of f?
9
Suppose -27 = 4*x - 3. Let k(n) be the first derivative of -n**4/4 - n**3 - n**2 + 7*n - 42. What is the tens digit of k(x)?
2
Suppose -24 = -6*b + 2*b + 4*k, -k + 6 = 5*b. Suppose b*t + 10 = -3*a + 37, -3*t = a - 23. Let f(p) = -p**2 + 12*p - 16. What is the tens digit of f(t)?
2
Let k(n) be the first derivative of -7*n**3/6 + 11*n**2/2 - 4*n - 18. Let w(i) be the first derivative of k(i). What is the tens digit of w(-6)?
5
Let c = 5 - 5. Suppose -4*r + 20 = -c. What is the tens digit of ((-394)/4)/(r/(-10))?
9
Suppose -14*f = -19*f + 10, 4*f - 85594 = -2*n. What is the tens digit of n?
9
Let a = -111 - -116. Suppose 4*w = 4*i - 3*i - 65, -a*i + 2*w = -235. What is the tens digit of i?
4
Suppose -5*j = -4*n - n + 15, 2*j = n - 1. Let d = -531 + 951. Suppose 4*x - 3*g = d, -8*x + 3*x = n*g - 490. What is the units digit of x?
2
Let d = -78 + 86. Let q be d/6 - (-16)/6. Suppose -46 - 77 = -i - a, -q = -a. What is the hundreds digit of i?
1
Suppose -84*y + 8734 = h - 87*y, 3*h + 5*y - 26314 = 0. What is the tens digit of h?
5
Let m = -626 + 257. Let t = m + 804. What is the hundreds digit of t?
4
Suppose -6*y + 78516 = z, -5 = 2*y + 3. What is the hundreds digit of z?
5
Let t be (25/(-15) + 5)/(4/6). Suppose 5*b = 5*v - 0*v - t, 20 = 5*v - 2*b. Suppose -v*l = -2*l - 300. What is the units digit of l?
5
Let f be (8/52 + (-280)/(-39))*-78. What is the hundreds digit of (8 - f/8)*12?
9
Suppose -2*k + 3*b + 149142 = 7*b, -4*k + 4*b + 298272 = 0. What is the thousands digit of k?
4
Let f be ((-16020)/(-25))/((-1)/(-5)). Let n be (-1)/2*f/(-18). Let o = 144 - n. What is the units digit of o?
5
What is the tens digit of 11 - ((-45)/(-135))/((-4)/104688)?
3
What is the tens digit of ((-809100)/72 - (2 + (-10)/4))*-2?
7
Suppose 5*h - 18 = 7. Let d(v) = 15*v**2 + 8*v - 5. Let y be d(h). What is the tens digit of y/(3 + 2) + 4?
8
Let w = 18509 - -9473. What is the thousands digit of w?
7
Let g be -2 - (2/(2/(-2)) - 40). Suppose 0 = -m - 4*m + g. What is the units digit of 1/(4/m) + 8?
0
Suppose 0 = -w - 0*w, -4*y + 3072 = -w. Let f = 458 + y. What is the hundreds digit of f?
2
Suppose 2*r - 6 = -2*n + 2, -3*r = -4*n + 2. Suppose -o = -4*k - 59, -4*o - 170 = -n*k - 434. What is the tens digit of o?
6
Let y(z) = -5*z**3 - 9*z**2 - 21*z - 28. Let n be y(-12). Suppose 8*i = 19*i - n. What is the tens digit of i?
8
Let w = -33030 + 46604. What is the hundreds digit of w?
5
Let v = -110 - -40. Let b = -65 - v. What is the units digit of b?
5
Let f be (1 - 5) + 76860/15. Suppose 0 = -6*o + 2140 + f. What is the units digit of o?
0
Let j be 70/14 + 415/(1/1). Suppose -g + 428 = 3*n, 5*n + 0*n = -g + j. What is the hundreds digit of g?
4
What is the hundreds digit of 17/51 - (-44726)/3?
9
Let t be 16434/(6/(-12) - -1). Suppose -i + 34*i = t. What is the tens digit of i?
9
Let j be -9*(4 - 33/9). Let m be ((-4)/6)/(j/(-108)). Let t = 143 + m. What is the hundreds digit of t?
1
Let h = 31452 + -7026. What is the units digit of h?
6
Suppose -28*u = -31*u + 48. Let i(j) = -j**2 - 1. Let l(p) = p**3 - 20*p**2 + 2*p + 13. Let z(m) = -4*i(m) + l(m). What is the units digit of z(u)?
9
Suppose -2*w - 2*t = 0, 2*w = 5*w - 5*t - 32. Suppose 92 = 8*j - 6*j - w*z, -3*z - 3 = 0. What is the tens digit of j?
4
Let n be (18 - 0)*(-1)/(-2). Suppose n = 6*x - 3237. What is the hundreds digit of x?
5
Suppose 2*w + 2*w - 96 = 0. Let a be (-14)/(-8) - (-6)/w. Suppose -94 = -a*z + z + 3*p, 3*z + 2*p - 260 = 0. What is the units digit of z?
8
Suppose 50*l + 74514 = 5*a + 47*l, 5*a + l - 74502 = 0. What is the thousands digit of a?
4
Suppose 3*r = -2*o + 56, o - 14 = -r + 5*o. Suppose 19 - r = p. What is the tens digit of 82 + (2 - (p + -2))?
8
Let h(s) = -3*s**2 - 8*s - 2*s**3 + s**3 + 40*s**2 - 79 - 5*s**2 + 29*s. What is the units digit of h(32)?
3
Suppose -2*m - 1030 + 287 = 5*z, 0 = 5*z - 2*m + 747. Let c(s) = 35*s**2 + 272*s + 10. Let x be c(-8). Let y = x - z. What is the hundreds digit of y?
2
Let h = -5290 + 11741. What is the thousands digit of h?
6
Let x(m) = 238*m - 873. What is the thousands digit of x(48)?
0
Let m(u) be the third derivative of u**6/360 - u**5/120 - u**4/2 - u**3/3 - 8*u**2. Let l(w) be the first derivative of m(w). What is the tens digit of l(-5)?
1
Suppose -8*h + 20 = -4*h. Let c(v) = 80*v + 22. What is the hundreds digit of c(h)?
4
Let x(p) = 4*p**2 + 10*p - 22. Let m be (-5)/((-50)/(-5))*16. Let v(u) = u**3 + 11*u**2 + 23*u - 1. Let z be v(m). What is the units digit of x(z)?
4
Suppose -5*t + 330 = -v + 4*v, 242 = 4*t - 2*v. Suppose -9*m = -12*m + t. Suppose -3*l + 0*l = 2*q - 97, 5*q + m = l. What is the tens digit of l?
3
Let g(i) = 44*i**3 - 49*i**2 - i + 131. What is the hundreds digit of g(9)?
2
Let d = -15 + 9. Let a be (-102 + d)/(0 + -1). Suppose -8*m = m - a. What is the tens digit of m?
1
Let w(z) = -z**3 - 4*z**2 + 12*z + 20. Let k be w(-9). Suppose k*c = 311*c + 3330. What is the tens digit of c?
5
Suppose 14*m - 6573 = 7*m. Suppose 0 = -3*a + 3*n + m, 4*a + 34*n = 30*n + 1236. What is the tens digit of a?
1
Suppose -33*b = -40*b. Suppose -5*v = 5*u - 35, -5*u + 8 = v - 19. Suppose -u*j + 261 + 244 = b. What is the units digit of j?
1
Let k(i) = -2*i**2 + 16*i + 169. Let x(r) = r**2 - 7*r - 85. Let j(q) = -3*k(q) - 7*x(q). What is the tens digit of j(0)?
8
Let a(k) = k**3 + 8*k**2 - k + 2. Let p be a(-7). Let s(q) = -q**2 + 41*q + 1015. Let l be s(-17). Let g = p - l. What is the tens digit of g?
2
Let w = -451 - -2284. Suppose w + 3378 = 3*g + 5*b, 0 = 5*b + 15. What is the thousands digit of g?
1
Let i = -337 + 340. Suppose 2*y = -i*y + 5*q + 3350, 0 = 5*q - 25. What is the units digit of y?
5
Let y(i) = i**2 + 2*i - 15. Let b be y(-7). Let s = b + -17. Suppose 0 + 22 = q + s*p, 0 = 4*q + 5*p - 53. What is the units digit of q?
7
Let h(m) = m - 3. Let b be h(5). Suppose -b*c = -0*c, 4*c + 228 = t. What is the tens digit of t?
2
Suppose 15*j - 11*j + x = 413, -4*x = 5*j - 519. Let o = -24 + j. What is the tens digit of o?
7
Let b be (120/100)/((-3)/(-10)). Suppose 911 = b*j - 201. What is the units digit of j?
8
Let z(j) be the second derivative of 17*j + 0 + 2/3*j**3 + 9/2*j**2 - 1/3*j**4 + 1/10*j**5. What is the hundreds digit of z(5)?
1
Let d = 96 - 96. Suppose 21*f - 652 - 6488 = d. What is the hundreds digit of f?
3
Let s = -27169 + 46541. What is the hundreds digit of s?
3
Let s(v) = -v**3 - 14*v**2 - 13*v + 3. Let f be (-3 + 2)/1 + 27. Let o = 13 - f. What is the units digit of s(o)?
3
Suppose 8*w - 3*w = -5*p - 15, 5*w + 15 = -3*p. Let s be p + 4 - 49 - -4. Let t = -34 - s. What is the units digit of t?
7
Let o(k) = -54*k + 435. Let w be 110/275 + 74/(-10). What is the hundreds digit of o(w)?
8
Let h = -195 - -90. Let c be 1590/12*(-16)/10. Let v = h - c. What is the hundreds digit of v?
1
Suppose -37*k + 40*k - 16408 = -5*f, -4*k + 21849 = f. What is the units digit of k?
1
Suppose 43*k = 735520 + 354057. What is the thousands digit of k?
5
Let o = -2908 - -3646. What is the units digit of o?
8
Suppose -4*f + 261 = 81. Let m be -8*(-4 + f/12). Suppose 257 = 4*b + o, 0 = -2*b - m*b - 2*o + 262. What is the tens digit of b?
6
Let s(o) = o**2 + 4*o - 21. Let t = -50 + 56. Let a be s(t). Suppose -42*g + a*g = -12. What is the units digit of g?
4
Let w = -233 - -237. Suppose 0*y + w*y - 10 = -g, y - 115 = -4*g. What is the units digit of g?
0
Let z = 43 - 498. Let t = -317 - z. Suppose -3*v = 3*i - t, -4*v + 2*i + 0*i + 208 = 0. What is the tens digit of v?
5
Let q(g) = -7*g + 5*g**2 + 0*g**2 - 2*g**2 - 7*g - 16. Let c be q(11). Suppose c = 3*z + 13. What is the units digit of z?
0
Suppose 0 = -5*g + 7*i - 3*i + 62, -i = 5*g - 72. What is the tens digit of -7 - g/((-98)/525)?
6
Let z(a) = -14*a - 1. Let b be z(1). 